{"id":9607,"date":"2024-07-01T19:20:29","date_gmt":"2024-07-01T19:20:29","guid":{"rendered":"https:\/\/grafimpres.cl\/?post_type=product&#038;p=9607"},"modified":"2024-11-06T16:47:02","modified_gmt":"2024-11-06T16:47:02","slug":"impresiones-con-pegamento","status":"publish","type":"product","link":"https:\/\/grafimpres.cl\/index.php\/producto\/impresiones-con-pegamento\/","title":{"rendered":"Impresiones con pegamento"},"content":{"rendered":"<section class=\"l-section wpb_row height_custom\"><div class=\"l-section-h i-cf\"><div class=\"g-cols via_grid cols_1 laptops-cols_inherit tablets-cols_inherit mobiles-cols_1 valign_top type_default\"><div class=\"wpb_column vc_column_container\"><div class=\"vc_column-inner\"><div class=\"wpb_text_column\"><div class=\"wpb_wrapper\"><p>En Grafimpres, somos especialistas en la impresi\u00f3n de stickers que capturan la esencia de tu marca, evento o proyecto personal con estilo y calidad excepcional. Nuestros stickers est\u00e1n dise\u00f1ados para destacar, ya sea que los necesites para promocionar tu negocio, decorar un evento especial, o simplemente para agregar un toque creativo a tus productos.<\/p>\n<p>Utilizamos tecnolog\u00eda de impresi\u00f3n de vanguardia y materiales premium que garantizan colores vibrantes, detalles precisos y una adherencia duradera en una variedad de superficies. Desde stickers peque\u00f1os y elegantes hasta dise\u00f1os grandes y llamativos, te ofrecemos opciones de personalizaci\u00f3n flexibles para adaptarnos a tus necesidades espec\u00edficas.<\/p>\n<p>Nuestro equipo experto est\u00e1 aqu\u00ed para asistirte en cada paso del proceso, desde la conceptualizaci\u00f3n del dise\u00f1o hasta la producci\u00f3n final. Ya sea que prefieras un dise\u00f1o gr\u00e1fico \u00fanico, una reproducci\u00f3n fiel de tu logo corporativo o un mensaje personalizado, nos aseguraremos de que tus stickers reflejen tu visi\u00f3n de manera perfecta.<\/p>\n<p>En Grafimpres, nos enorgullece ofrecer un servicio al cliente excepcional, asegurando que cada pedido de stickers sea tratado con el m\u00e1ximo cuidado y atenci\u00f3n al detalle. Conf\u00eda en nosotros para transformar tus ideas en stickers de alta calidad que no solo impresionen, sino que tambi\u00e9n comuniquen tu mensaje de manera efectiva.<\/p>\n<p>\u00a1Cont\u00e1ctanos hoy mismo y descubre c\u00f3mo podemos hacer realidad tus proyectos de impresi\u00f3n de stickers con Grafimpres!<\/p>\n<\/div><\/div><div class=\"w-separator size_medium\"><\/div><div class=\"wpb_text_column\"><div class=\"wpb_wrapper\"><div id=\"divtags\">\n<h1>Impresi\u00f3n de Autoadhesivos<\/h1>\n<h1>Imprimir stickers<\/h1>\n<\/div>\n<\/div><\/div><\/div><\/div><\/div><\/div><\/section>\n","protected":false},"excerpt":{"rendered":"En Grafimpres, somos especialistas en la impresi\u00f3n de stickers que capturan la esencia de tu marca, evento o proyecto personal con estilo y calidad excepcional. Nuestros stickers est\u00e1n dise\u00f1ados para destacar, ya sea que los necesites para promocionar tu negocio, decorar un evento especial, o simplemente para agregar un toque creativo a tus productos. Utilizamos...","protected":false},"featured_media":9694,"template":"","meta":[],"product_cat":[114],"product_tag":[],"class_list":{"0":"post-9607","1":"product","2":"type-product","3":"status-publish","4":"has-post-thumbnail","6":"product_cat-novedades","8":"first","9":"instock","10":"shipping-taxable","11":"product-type-simple"},"acf":[],"_links":{"self":[{"href":"https:\/\/grafimpres.cl\/index.php\/wp-json\/wp\/v2\/product\/9607"}],"collection":[{"href":"https:\/\/grafimpres.cl\/index.php\/wp-json\/wp\/v2\/product"}],"about":[{"href":"https:\/\/grafimpres.cl\/index.php\/wp-json\/wp\/v2\/types\/product"}],"wp:featuredmedia":[{"embeddable":true,"href":"https:\/\/grafimpres.cl\/index.php\/wp-json\/wp\/v2\/media\/9694"}],"wp:attachment":[{"href":"https:\/\/grafimpres.cl\/index.php\/wp-json\/wp\/v2\/media?parent=9607"}],"wp:term":[{"taxonomy":"product_cat","embeddable":true,"href":"https:\/\/grafimpres.cl\/index.php\/wp-json\/wp\/v2\/product_cat?post=9607"},{"taxonomy":"product_tag","embeddable":true,"href":"https:\/\/grafimpres.cl\/index.php\/wp-json\/wp\/v2\/product_tag?post=9607"}],"curies":[{"name":"wp","href":"https:\/\/api.w.org\/{rel}","templated":true}]}}